{"id":8,"date":"2022-07-01T18:59:54","date_gmt":"2022-07-01T18:59:54","guid":{"rendered":"https:\/\/atelier-aha.ch\/?page_id=8"},"modified":"2026-02-04T18:42:02","modified_gmt":"2026-02-04T17:42:02","slug":"startseite","status":"publish","type":"page","link":"https:\/\/atelier-aha.ch\/index.php\/startseite\/","title":{"rendered":"Events im Atelier"},"content":{"rendered":"\n<hr class=\"wp-block-separator has-alpha-channel-opacity\"\/>\n\n\n\n<p class=\"has-text-align-center has-larger-font-size\"><strong>2025<\/strong><\/p>\n\n\n\n<p class=\"has-text-align-center has-large-font-size\">Konzert Parlando Streichquartett<\/p>\n\n\n\n<p class=\"has-text-align-center has-small-font-size\">11. M\u00e4rz 2025<\/p>\n\n\n\n<p class=\"has-text-align-center\">Die Winterreise  Franz Schubert<\/p>\n\n\n\n<p><\/p>\n\n\n\n<p class=\"has-text-align-center has-large-font-size\">Konzert &#8222;Du und ich im Mondenschein&#8220;<\/p>\n\n\n\n<p class=\"has-text-align-center\">19. September 2025 mit Patrick Senn und Kathrine Ramseier<\/p>\n\n\n\n<p class=\"has-text-align-center has-larger-font-size\"><strong>Ausstellung Rosa Z\u00fcrcher<\/strong> <\/p>\n\n\n\n<p class=\"has-text-align-center\">vom 31.10. bis 1.11.2025 <\/p>\n\n\n\n<p><\/p>\n\n\n\n<p><\/p>\n\n\n\n<p class=\"has-text-align-center has-larger-font-size\"><strong>2024<\/strong><\/p>\n\n\n\n<p class=\"has-text-align-center has-large-font-size\"><strong>Konzert &#8222;Grosse Gef\u00fchle<\/strong>&#8222;<br>12. M\u00e4rz 2024<\/p>\n\n\n\n<p class=\"has-text-align-center\">Konzert mit Katharina Sacca, Regula Litschig, Cordelia Frankhauser, Andreas Ochsner, Raimund Wissing von Beethoven bis Piazolla mit Texten von Walser bis D\u00f6rmann<\/p>\n\n\n\n<p><\/p>\n\n\n\n<p><\/p>\n\n\n\n<p class=\"has-text-align-center has-large-font-size\"><strong>Konzert  &#8222;So oder so ist das Leben<\/strong>&#8222;<br>17.9.2024<\/p>\n\n\n\n<p class=\"has-text-align-center has-normal-font-size\"><strong>Frech und K\u00fchn<\/strong><br> Patrick Senn und Kathrine Ramseier<\/p>\n\n\n\n<p class=\"has-text-align-center has-normal-font-size\"><\/p>\n\n\n\n<p><\/p>\n\n\n\n<p class=\"has-text-align-center has-large-font-size\"><strong>Open House Zurich<\/strong><br>September 2024<\/p>\n\n\n\n<p class=\"has-text-align-center\">und wieder durften wir \u00fcber 100 interessierten Personen das architektonische Juwel zweigen<\/p>\n\n\n\n<p class=\"has-text-align-center has-large-font-size\"><strong>2023<\/strong><\/p>\n\n\n\n<hr class=\"wp-block-separator has-alpha-channel-opacity\"\/>\n\n\n\n<h2 class=\"wp-block-heading has-text-align-center\">Open House Zurich<\/h2>\n\n\n\n<p class=\"has-text-align-center\">Am 30. September 2023 heisst es wieder: Architektur f\u00fcr alle. Das Atelier \u00f6ffnet am Samstag seine Tore und Sie sind herzlich willkommen, den Stampflehmbau aus n\u00e4chster N\u00e4he erleben zu k\u00f6nnen.<\/p>\n\n\n\n<hr class=\"wp-block-separator has-alpha-channel-opacity\"\/>\n\n\n\n<h2 class=\"wp-block-heading has-text-align-center\">Konzert<\/h2>\n\n\n\n<p class=\"has-text-align-center\">Mit Freude k\u00f6nnen wir mitteilen, dass am 01.September 2023 die Grande Dame Kathrine Ramseier als Grethe Waldor f\u00fcr Entz\u00fcckung sorgen wird:<\/p>\n\n\n\n<p class=\"has-text-align-center\">Kathrine Ramseier als Grethe Waldor, Davide Petrachi und Patrick Senn: So oder so ist das Leben, musikalische Zeitreise von den 1920ern bis 60er Jahre<\/p>\n\n\n\n<hr class=\"wp-block-separator has-alpha-channel-opacity\"\/>\n\n\n\n<p class=\"has-text-align-center has-large-font-size\"><strong>2022<\/strong><\/p>\n\n\n\n<hr class=\"wp-block-separator has-alpha-channel-opacity\"\/>\n\n\n\n<h2 class=\"wp-block-heading has-text-align-center\">Konzert<\/h2>\n\n\n\n<p class=\"has-text-align-center\">Das erste Konzert hat f\u00fcr Begeisterung gesorgt. Die Reihe wird fortgesetzt. Am 10.September 2022 begr\u00fcssen wir:<\/p>\n\n\n\n<p class=\"has-text-align-center\">Patrick Senn und Davide Petrachi: Zeitreise mit Klavier und Geige<\/p>\n\n\n\n<hr class=\"wp-block-separator has-alpha-channel-opacity\"\/>\n\n\n\n<h2 class=\"wp-block-heading has-text-align-center\">Kunstausstellung<\/h2>\n\n\n\n<p>Die erste Kunstvernissage findet am Freitag 18.November 2022 statt! Die neusten Werke von Andrea Hangartner werden an zwei Wochenenden ausgestellt. <\/p>\n\n\n\n<p class=\"has-text-align-center\"><strong>Vernissage: Freitag 18. November 2022 17:00-20:00<\/strong><\/p>\n\n\n\n<p class=\"has-text-align-center\"><strong>Finissage: Sonntag 27.November 2022 14:00 &#8211; 17:00<\/strong><\/p>\n\n\n\n<hr class=\"wp-block-separator has-alpha-channel-opacity\"\/>\n\n\n\n<h2 class=\"wp-block-heading has-text-align-center\">Open House Zurich<\/h2>\n\n\n\n<p>Am Wochenende vom 1. und 2.Oktober 2022 sind 130 Bauten in und um Z\u00fcrich zur Besichtigung offen. Der weltweite Anlasse, welcher unter dem Motto &#8222;Architektur f\u00fcr alle&#8220; steht, erm\u00f6glicht Bauten zu besichtigen, welche normalerweise nicht der \u00d6ffentlichkeit zug\u00e4nglich sind. Mit Stolz k\u00f6nnen wir mitteilen, dass das Atelier aha auch ins Programm des diesj\u00e4hrigen Open House aufgenommen wurde und somit einer breiten \u00d6ffentlichkeit zur Besichtigung offen steht. <a href=\"https:\/\/openhouse-zuerich.org\/orte\/maenndedorf-lehmhaus-atelier-aha\/\">Mehr Infos<\/a><\/p>\n\n\n\n<hr class=\"wp-block-separator has-alpha-channel-opacity\"\/>\n\n\n\n<h2 class=\"wp-block-heading has-text-align-center\">Sommerfest<\/h2>\n\n\n\n<p>Am Wochenende vom 25. und 26.Juni 2022 steht das Atelier aha das erste mal f\u00fcr Architekturinteressierte offen. Herzlich willkommen das Lehmhaus ein erstes Mal zu besichtigen.<\/p>\n\n\n\n<hr class=\"wp-block-separator has-alpha-channel-opacity\"\/>\n\n\n\n<h2 class=\"wp-block-heading has-text-align-center\">Konzert<\/h2>\n\n\n\n<p class=\"has-text-align-center\">Am 12.M\u00e4rz 2022 findet das erste Konzert im Atelier statt<\/p>\n\n\n\n<p class=\"has-text-align-center\">Streichquartett Parlando<\/p>\n","protected":false},"excerpt":{"rendered":"<p>2025 Konzert Parlando Streichquartett 11. M\u00e4rz 2025 Die Winterreise Franz Schubert Konzert &#8222;Du und ich im Mondenschein&#8220; 19. September 2025 mit Patrick Senn und Kathrine Ramseier Ausstellung Rosa Z\u00fcrcher vom 31.10. bis 1.11.2025 2024 Konzert &#8222;Grosse Gef\u00fchle&#8222;12. M\u00e4rz 2024 Konzert mit Katharina Sacca, Regula Litschig, Cordelia Frankhauser, Andreas Ochsner, Raimund Wissing von Beethoven bis Piazolla [&hellip;]<\/p>\n","protected":false},"author":1,"featured_media":0,"parent":0,"menu_order":0,"comment_status":"closed","ping_status":"closed","template":"","meta":{"footnotes":""},"class_list":["post-8","page","type-page","status-publish","hentry"],"_links":{"self":[{"href":"https:\/\/atelier-aha.ch\/index.php\/wp-json\/wp\/v2\/pages\/8","targetHints":{"allow":["GET"]}}],"collection":[{"href":"https:\/\/atelier-aha.ch\/index.php\/wp-json\/wp\/v2\/pages"}],"about":[{"href":"https:\/\/atelier-aha.ch\/index.php\/wp-json\/wp\/v2\/types\/page"}],"author":[{"embeddable":true,"href":"https:\/\/atelier-aha.ch\/index.php\/wp-json\/wp\/v2\/users\/1"}],"replies":[{"embeddable":true,"href":"https:\/\/atelier-aha.ch\/index.php\/wp-json\/wp\/v2\/comments?post=8"}],"version-history":[{"count":15,"href":"https:\/\/atelier-aha.ch\/index.php\/wp-json\/wp\/v2\/pages\/8\/revisions"}],"predecessor-version":[{"id":396,"href":"https:\/\/atelier-aha.ch\/index.php\/wp-json\/wp\/v2\/pages\/8\/revisions\/396"}],"wp:attachment":[{"href":"https:\/\/atelier-aha.ch\/index.php\/wp-json\/wp\/v2\/media?parent=8"}],"curies":[{"name":"wp","href":"https:\/\/api.w.org\/{rel}","templated":true}]}}

<hr class="wp-block-separator has-alpha-channel-opacity"/>



<p class="has-text-align-center has-larger-font-size"><strong>2025</strong></p>



<p class="has-text-align-center has-large-font-size">Konzert Parlando Streichquartett</p>



<p class="has-text-align-center has-small-font-size">11. März 2025</p>



<p class="has-text-align-center">Die Winterreise  Franz Schubert</p>



<p></p>



<p class="has-text-align-center has-large-font-size">Konzert &#8222;Du und ich im Mondenschein&#8220;</p>



<p class="has-text-align-center">19. September 2025 mit Patrick Senn und Kathrine Ramseier</p>



<p class="has-text-align-center has-larger-font-size"><strong>Ausstellung Rosa Zürcher</strong> </p>



<p class="has-text-align-center">vom 31.10. bis 1.11.2025 </p>



<p></p>



<p></p>



<p class="has-text-align-center has-larger-font-size"><strong>2024</strong></p>



<p class="has-text-align-center has-large-font-size"><strong>Konzert &#8222;Grosse Gefühle</strong>&#8222;<br>12. März 2024</p>



<p class="has-text-align-center">Konzert mit Katharina Sacca, Regula Litschig, Cordelia Frankhauser, Andreas Ochsner, Raimund Wissing von Beethoven bis Piazolla mit Texten von Walser bis Dörmann</p>



<p></p>



<p></p>



<p class="has-text-align-center has-large-font-size"><strong>Konzert  &#8222;So oder so ist das Leben</strong>&#8222;<br>17.9.2024</p>



<p class="has-text-align-center has-normal-font-size"><strong>Frech und Kühn</strong><br> Patrick Senn und Kathrine Ramseier</p>



<p class="has-text-align-center has-normal-font-size"></p>



<p></p>



<p class="has-text-align-center has-large-font-size"><strong>Open House Zurich</strong><br>September 2024</p>



<p class="has-text-align-center">und wieder durften wir über 100 interessierten Personen das architektonische Juwel zweigen</p>



<p class="has-text-align-center has-large-font-size"><strong>2023</strong></p>



<hr class="wp-block-separator has-alpha-channel-opacity"/>



<h2 class="wp-block-heading has-text-align-center">Open House Zurich</h2>



<p class="has-text-align-center">Am 30. September 2023 heisst es wieder: Architektur für alle. Das Atelier öffnet am Samstag seine Tore und Sie sind herzlich willkommen, den Stampflehmbau aus nächster Nähe erleben zu können.</p>



<hr class="wp-block-separator has-alpha-channel-opacity"/>



<h2 class="wp-block-heading has-text-align-center">Konzert</h2>



<p class="has-text-align-center">Mit Freude können wir mitteilen, dass am 01.September 2023 die Grande Dame Kathrine Ramseier als Grethe Waldor für Entzückung sorgen wird:</p>



<p class="has-text-align-center">Kathrine Ramseier als Grethe Waldor, Davide Petrachi und Patrick Senn: So oder so ist das Leben, musikalische Zeitreise von den 1920ern bis 60er Jahre</p>



<hr class="wp-block-separator has-alpha-channel-opacity"/>



<p class="has-text-align-center has-large-font-size"><strong>2022</strong></p>



<hr class="wp-block-separator has-alpha-channel-opacity"/>



<h2 class="wp-block-heading has-text-align-center">Konzert</h2>



<p class="has-text-align-center">Das erste Konzert hat für Begeisterung gesorgt. Die Reihe wird fortgesetzt. Am 10.September 2022 begrüssen wir:</p>



<p class="has-text-align-center">Patrick Senn und Davide Petrachi: Zeitreise mit Klavier und Geige</p>



<hr class="wp-block-separator has-alpha-channel-opacity"/>



<h2 class="wp-block-heading has-text-align-center">Kunstausstellung</h2>



<p>Die erste Kunstvernissage findet am Freitag 18.November 2022 statt! Die neusten Werke von Andrea Hangartner werden an zwei Wochenenden ausgestellt. </p>



<p class="has-text-align-center"><strong>Vernissage: Freitag 18. November 2022 17:00-20:00</strong></p>



<p class="has-text-align-center"><strong>Finissage: Sonntag 27.November 2022 14:00 &#8211; 17:00</strong></p>



<hr class="wp-block-separator has-alpha-channel-opacity"/>



<h2 class="wp-block-heading has-text-align-center">Open House Zurich</h2>



<p>Am Wochenende vom 1. und 2.Oktober 2022 sind 130 Bauten in und um Zürich zur Besichtigung offen. Der weltweite Anlasse, welcher unter dem Motto &#8222;Architektur für alle&#8220; steht, ermöglicht Bauten zu besichtigen, welche normalerweise nicht der Öffentlichkeit zugänglich sind. Mit Stolz können wir mitteilen, dass das Atelier aha auch ins Programm des diesjährigen Open House aufgenommen wurde und somit einer breiten Öffentlichkeit zur Besichtigung offen steht. <a href="https://openhouse-zuerich.org/orte/maenndedorf-lehmhaus-atelier-aha/">Mehr Infos</a></p>



<hr class="wp-block-separator has-alpha-channel-opacity"/>



<h2 class="wp-block-heading has-text-align-center">Sommerfest</h2>



<p>Am Wochenende vom 25. und 26.Juni 2022 steht das Atelier aha das erste mal für Architekturinteressierte offen. Herzlich willkommen das Lehmhaus ein erstes Mal zu besichtigen.</p>



<hr class="wp-block-separator has-alpha-channel-opacity"/>



<h2 class="wp-block-heading has-text-align-center">Konzert</h2>



<p class="has-text-align-center">Am 12.März 2022 findet das erste Konzert im Atelier statt</p>



<p class="has-text-align-center">Streichquartett Parlando</p>

<p>2025 Konzert Parlando Streichquartett 11. März 2025 Die Winterreise Franz Schubert Konzert &#8222;Du und ich im Mondenschein&#8220; 19. September 2025 mit Patrick Senn und Kathrine Ramseier Ausstellung Rosa Zürcher vom 31.10. bis 1.11.2025 2024 Konzert &#8222;Grosse Gefühle&#8222;12. März 2024 Konzert mit Katharina Sacca, Regula Litschig, Cordelia Frankhauser, Andreas Ochsner, Raimund Wissing von Beethoven bis Piazolla [&hellip;]</p>
